8?
True
Does 79 divide 708572409?
True
Is 41464450 a multiple of 177?
False
Does 934 divide 11506796?
False
Is 7328677 a multiple of 19?
False
Is 6 a factor of 717617350?
False
Is 580 a factor of 135582540?
True
Is 366 a factor of 26967246?
True
Does 29 divide 182498571?
False
Is 47167289 a multiple of 13?
True
Is 2355620880 a multiple of 4236?
False
Is 2088948 a multiple of 27?
False
Is 1332 a factor of 31148820?
True
Is 16 a factor of 969024824?
False
Is 537 a factor of 584977568?
False
Is 527 a factor of 71781616?
True
Is 3460302378 a multiple of 6?
True
Is 151 a factor of 30759617?
False
Does 16 divide 135663424?
True
Is 1874386 a multiple of 5?
False
Is 392 a factor of 77413336?
True
Does 312 divide 20838792?
True
Does 145 divide 140290039?
False
Is 41 a factor of 1567358779?
False
Does 86 divide 3522283?
False
Is 2 a factor of 14693053?
False
Does 60 divide 294193020?
True
Is 935787200 a multiple of 1180?
True
Is 295 a factor of 27728820?
True
Does 185 divide 2524902?
False
Is 282 a factor of 58988668?
False
Is 172 a factor of 817689376?
True
Is 130515787 a multiple of 1129?
True
Is 204565718 a multiple of 209?
False
Is 156779004 a multiple of 1463?
False
Is 1022 a factor of 42937523?
False
Is 34 a factor of 3144524?
True
Does 3515 divide 1618346457?
False
Does 25 divide 58985475?
True
Does 5 divide 981433?
False
Is 1441136887 a multiple of 26?
False
Does 23 divide 1653567194?
False
Does 3110 divide 230475880?
True
Is 1253383065 a multiple of 27?
True
Is 599166045 a multiple of 15?
True
Is 2039039 a multiple of 674?
False
Does 1790 divide 246144801?
False
Does 13 divide 650682874?
False
Is 68797400 a multiple of 626?
True
Is 680 a factor of 150728120?
True
Is 20 a factor of 2533929536?
False
Is 11175900 a multiple of 15?
True
Is 411 a factor of 20583291?
True
Is 85677336 a multiple of 2?
True
Is 1488 a factor of 3036089361?
False
Is 13735 a factor of 3784238140?
False
Is 123 a factor of 18492312?
True
Does 8 divide 22124416?
True
Does 640 divide 138881280?
True
Does 20 divide 731571800?
True
Is 14709569 a multiple of 1205?
False
Is 3027990985 a multiple of 39?
False
Does 56 divide 114058793?
False
Does 28 divide 138688413?
False
Is 577016979 a multiple of 231?
True
Is 396861816 a multiple of 2766?
False
Does 3102 divide 612571906?
False
Is 1156249134 a multiple of 18?
True
Does 810 divide 345506310?
True
Does 539 divide 320560009?
True
Is 203 a factor of 122675052?
False
Is 935 a factor of 218893429?
False
Is 3770 a factor of 1002399490?
False
Is 10252892 a multiple of 251?
False
Is 136 a factor of 873233016?
True
Is 69 a factor of 2852128317?
True
Is 2406350610 a multiple of 90?
True
Does 268 divide 8899744?
True
Is 3 a factor of 55018890?
True
Is 1401900994 a multiple of 26?
True
Is 50 a factor of 287486894?
False
Is 658 a factor of 6828066?
True
Is 112 a factor of 511184734?
False
Does 32 divide 756311456?
True
Does 39 divide 116314146?
True
Is 13520325 a multiple of 65?
True
Is 118791500 a multiple of 3860?
True
Is 7 a factor of 19336010?
False
Does 253 divide 1165904393?
False
Is 4 a factor of 31278665?
False
Does 12 divide 7197161?
False
Does 538 divide 967441822?
True
Is 17712450 a multiple of 450?
True
Is 438 a factor of 69187794?
True
Does 51 divide 123223701?
True
Is 96867074 a multiple of 65?
False
Is 28789840 a multiple of 4?
True
Is 26 a factor of 497987490?
True
Is 68407476 a multiple of 441?
False
Is 2 a factor of 66615733?
False
Does 54 divide 430824528?
True
Is 13217397 a multiple of 281?
True
Is 33604090 a multiple of 146?
True
Is 6 a factor of 5617128?
True
Is 1873338278 a multiple of 14?
True
Does 12 divide 2446580413?
False
Is 119 a factor of 935478397?
True
Is 1034 a factor of 4483424?
True
Is 37 a factor of 246948508?
True
Is 707670196 a multiple of 17?
False
Is 833319371 a multiple of 7681?
True
Is 1417 a factor of 2662992234?
False
Does 21 divide 32239473?
True
Does 215 divide 38633350?
True
Does 4076 divide 397234732?
True
Does 3 divide 214398652?
False
Does 56 divide 115048360?
True
Is 1271721168 a multiple of 145?
False
Is 5813 a factor of 3428402870?
False
Is 45 a factor of 3206578610?
False
Is 17223338 a multiple of 119?
False
Is 83 a factor of 85231787?
True
Is 2500 a factor of 146275000?
True
Is 184 a factor of 21127248?
True
Is 4923786 a multiple of 42?
True
Does 10699 divide 908006299?
False
Is 50025480 a multiple of 152?
True
Does 12 divide 8869281?
False
Is 76 a factor of 541647334?
False
Is 196287129 a multiple of 12?
False
Is 1586 a factor of 432232580?
True
Is 398 a factor of 259395306?
True
Is 41746297 a multiple of 845?
False
Is 31259848 a multiple of 90?
False
Is 7 a factor of 22877356?
False
Is 748 a factor of 6452556?
False
Is 169 a factor of 329112352?
False
Does 40 divide 19911972?
False
Does 2017 divide 17624546?
True
Is 299105703 a multiple of 879?
False
Is 806647938 a multiple of 2101?
False
Is 30 a factor of 14027841?
False
Is 29151612 a multiple of 116?
True
Is 409755980 a multiple of 20?
True
Is 9780117 a multiple of 2529?
False
Is 2817 a factor of 542427297?
False
Does 20 divide 6984390?
False
Does 1326 divide 19290648?
True
Is 20957930 a multiple of 346?
False
Is 490781824 a multiple of 580?
False
Is 54830641 a multiple of 67?
False
Is 21049708 a multiple of 268?
False
Is 9419147 a multiple of 7?
False
Is 6868531609 a multiple of 62?
False
Is 2318 a factor of 3005840509?
False
Is 23539460 a multiple of 4?
True
Is 103 a factor of 2250044?
False
Is 1511 a factor of 197425266?
False
Does 26 divide 112598018?
True
Is 51306473 a multiple of 4?
False
Is 43342350 a multiple of 1275?
True
Does 795 divide 192211125?
True
Is 5 a factor of 27738852?
False
Is 33 a factor of 448944424?
False
Is 20 a factor of 76392905?
False
Does 30 divide 4873020?
True
Is 18 a factor of 100322064?
True
Is 19 a factor of 80290903?
True
Is 24599597 a multiple of 9?
False
Is 5631503 a multiple of 676?
False
Does 137 divide 95802730?
True
Does 7 divide 232326346?
True
Is 935660943 a multiple of 3429?
True
Is 46621380 a multiple of 119?
False
Is 5078004 a multiple of 1560?
False
Is 2731436951 a multiple of 11996?
False
Does 22 divide 29753328?
True
Does 46 divide 4498033?
False
Does 6 divide 394257942?
True
Does 45 divide 12631558?
False
Is 13 a factor of 1224471846?
True
Does 17 divide 2159057715?
True
Is 97396152 a multiple of 609?
True
Does 2205 divide 101147760?
True
Is 471 a factor of 256282037?
False
Does 14 divide 56063448?
True
Does 958 divide 1805196609?
False
Does 628 divide 4423445814?
False
Is 4824583500 a multiple of 750?
True
Does 15 divide 9373065?
True
Does 1392 divide 58181070?
False
Is 319222551 a multiple of 98?
False
Is 82092640 a multiple of 49?
True
Is 2529 a factor of 10239921?
True
Is 14491561 a multiple of 203?
True
Is 1172211497 a multiple of 2347?
True
Does 2 divide 9857663?
False
Is 39 a factor of 1720455438?
True
Does 148 divide 1309504?
True
Does 184 divide 9881858?
False
Does 46 divide 43340829?
False
Does 159 divide 158757843?
True
Is 561 a factor of 9596850?
False
Is 10 a factor of 187956605?
False
Is 416963395 a multiple of 1159?
False
Is 2822298342 a multiple of 1178?
True
Is 1498 a factor of 380945894?
True
Is 1117644 a multiple of 11?
True
Is 11107272 a multiple of 13?
False
Is 2323329016 a multiple of 17?
False
Is 29382525 a multiple of 5?
True
Is 322232395 a multiple of 3?
False
Is 4302829407 a multiple of 62?
False
Is 120 a factor of 32154240?
True
Does 687 divide 126171672?
True
Is 15 a factor of 76860555?
True
Is 399243985 a multiple of 7?
True
Does 4759 divide 626496601?
False
Is 69334495 even?
False
Is 148 a factor of 102948356?
True
Does 1802 divide 936688610?
True
Is 3608793 a multiple of 81?
True
Is 353 a factor of 17545926?
False
Is 252916110 a multiple of 1290?
True
Is 16 a factor of 28377043?
False
Is 367 a factor of 754540729?
False
Does 29 divide 35878249?
True
Does 76 divide 178769936?
True
Does 1643 divide 1800728?
True
Is 195948437 a multiple of 265?
False
Is 114 a factor of 175933341?
False
Is 67389210 a multiple of 21?
True
Is 37 a factor of 20748379?
True
Is 17 a factor of 373379919?
False
Does 5482 divide 139429188?
True
Is 272658442 a multiple of 1389?
False
Is 93522445 a multiple of 37?
False
Is 13989343 a multiple of 78?
False
Is 83 a factor of 896305?